)/(-7). Suppose m = 2*g + 3*q - 108, g - 54 = -3*q - 2*q. Suppose -r + g = d, -5*d + 422 = -5*r + 162. Is d a prime number?
True
Suppose -10 = y - 137. Is y prime?
True
Let i(a) be the first derivative of -a**4/4 - 4*a**3/3 + 3*a**2/2 + 4*a + 2. Suppose 17 = -5*n - 4*u, 3*u + 0 = 6. Is i(n) prime?
False
Suppose l - 205 = -14. Is l prime?
True
Let v = 2 - 2. Suppose f + f - 96 = v. Let u = 85 - f. Is u prime?
True
Suppose -6 - 10 = 4*v, 8 = 4*q + 2*v. Suppose 4*y = -q*m + 384, 0 = -2*y - 3*y + 25. Is m a prime number?
False
Let c(p) be the second derivative of -5*p**2 + 3/2*p**3 + 4*p + 0. Is c(7) a prime number?
True
Is 9/(18/8) + 411 prime?
False
Let m = -269 + 438. Is m a composite number?
True
Suppose 3*y = 7*y - 8. Suppose -y*s + 1114 = -0*s. Is s a prime number?
True
Let u = 636 - 259. Is u a composite number?
True
Let r(n) = -4*n + 13. Let v be r(-11). Suppose -3*h = x - 11, 4*x + h - v = 2*h. Is x composite?
True
Is 104 + 3/((-5)/(-2) - 1) composite?
True
Suppose -5*x + 11624 - 3339 = 0. Is x composite?
False
Suppose -3*v - 4683 = -10*v. Is v composite?
True
Suppose p - 4*u + 621 = 6*p, 3*u - 12 = 0. Is p a prime number?
False
Let x(o) = -o**3 + 4*o**2 - 3*o + 6. Let i be x(4). Let m(f) = f**2 - 2*f + 7. Is m(i) a prime number?
False
Let m be (10 + 0)*1/2. Suppose -2*g = -7*g - 35. Is g/((-2)/(m*2)) a prime number?
False
Let q = 248 - -10. Suppose q = -3*j + 6*j. Is j a prime number?
False
Suppose b - 3*b + 322 = 0. Is b prime?
False
Suppose -s + 4*s - p = 5, -p = -4. Suppose -s*x + 875 = 260. Suppose -b - 280 = -4*w, -4*b - x = -3*w - 2*b. Is w a composite number?
False
Let z be (-4)/(-3)*(-18)/(-4). Suppose -2*p - 72 = -z*p. Let i = p - -5. Is i prime?
True
Let h = -32 + 159. Is h composite?
False
Suppose 0 = -4*u + 1413 + 1767. Suppose -2*y + 5*t = -312, 3*t + u = 5*y - 2*t. Is y composite?
True
Let l(t) = -515*t**3 + t**2 + t. Let v be l(-1). Suppose -v = -2*b - 165. Let r = b - 106. Is r a composite number?
True
Suppose 5*c = 4*c + 4. Suppose 1024 + 180 = c*d. Is d a composite number?
True
Let b be 42/(-1 - -2) + 1. Suppose p + 5*k - b = 0, -17 = -2*p + 2*k + 9. Let f = 35 + p. Is f a composite number?
False
Let y be 0/(-2) - 5/(-1). Suppose -b = -4*g + 11, 4*g - y*b - 1 = -10. Is g/(-6)*(-138)/4 prime?
True
Let g = 22 + 29. Is g a composite number?
True
Let o(h) = 11*h**3 - 2*h**2 + h + 1. Suppose 2 = 7*g - 12. Is o(g) a composite number?
False
Let r be -2 + -4 + -1 + 201. Let w = 43 - -58. Let t = r - w. Is t prime?
False
Suppose 5*n - 3*n = -12. Let h be ((-3)/(-2))/((-6)/(-16)). Is 12 - h/n*3 prime?
False
Let r(y) = -17*y. Let z be r(-5). Suppose z = -2*v + 275. Is v a prime number?
False
Let w(r) = 2*r**3 + 6*r**2 - 3*r + 5. Is w(4) prime?
False
Let t = -55 + 92. Let y = -24 + t. Is y prime?
True
Let c = -7 - -6. Let v be (-5)/(10/(-6)) - c. Suppose -84 + 258 = 4*n - 5*p, 0 = -v*n - p + 186. Is n a composite number?
True
Let f = -18 + 12. Let x = -8 - f. Let j = 9 - x. Is j a prime number?
True
Suppose -12 = 4*g, 3*g + 5 + 4 = -v. Suppose y = 4*x - 15, 3*y + 3 + 6 = v. Let l = x + 19. Is l a composite number?
True
Suppose -5*m = 4*g - 415 - 479, 1 = g. Is m composite?
True
Let x(m) = m**2 - 7*m + 1. Let h be x(7). Let l be 1/((-2)/4*h). Is -1 - l - -45 - -1 prime?
True
Suppose l - 2 = 2. Suppose -l*r - k + 489 = 4*k, -5*r = 5*k - 610. Let u = r - 62. Is u a composite number?
False
Let k(n) = -n**3 + 2*n**2 - 3*n - 8. Is k(-6) composite?
True
Suppose 4*j - 5 = 11. Let v be (20/(-15))/(2/(-6)). Suppose -j*y - 3*p = -544, 2*y - 5*y = -v*p - 433. Is y a composite number?
False
Let m = 160 + -446. Is m/(-6) + (-10)/15 a composite number?
False
Suppose 3*c - k - 219 = 0, 2*c - 3*k - 146 = -0*c. Let z be (-1)/((-1)/(-3)) + 314/1. Suppose 4*n - 4*p + p = z, n = -4*p + c. Is n prime?
False
Let n(x) = 3*x**2 + 1 + x**2 + 2 + 4*x + 12*x**2. Is n(-2) a prime number?
True
Let p(q) = -q**3 - 6*q**2 - 2*q - 8. Let c be p(-6). Suppose -5*k + 2 + 180 = r, 2*k - 62 = -c*r. Let m = 114 - k. Is m prime?
False
Let r = 299 + -190. Let l be 27/(-12)*(-16)/(-6). Is 3*(-4)/l + r composite?
True
Let h = -1383 + 2974. Is h a prime number?
False
Let k(v) = -10*v - 5. Suppose 2 = -c - 2. Is k(c) a prime number?
False
Suppose -l = 6*n - n - 1235, 0 = 4*n + 3*l - 988. Is n a prime number?
False
Let b(w) = -w**3 - 2*w**2 + 5*w + 2. Let k be b(-3). Is (-140)/k - (0 + -2) prime?
True
Suppose -642 = 5*q + 213. Let n = -74 - q. Is n a prime number?
True
Suppose 2*r + 3 = 3*r. Suppose 0 = -3*i + 3*t + 159, -r*i - i - t = -232. Is i prime?
False
Suppose 0 = c - 3*m - 1, 0 = c - 4*m + 2. Let r = c - 5. Suppose 5*w - 190 = -5*f, -f = -0*f + r. Is w prime?
True
Let i = -5 - -8. Let v be (8/20)/(2/80). Suppose 2*g - 63 = -5*a, -i*g + v = g. Is a a composite number?
False
Let l(g) = -g**3 + 8*g**2 - 5*g + 1. Let p = 34 + -14. Suppose -4*d + 4*t + p = 0, 2*d = -0*d + 3*t + 10. Is l(d) a prime number?
False
Let r = -421 + 616. Suppose 2*k + 0 = 8. Suppose r = k*g - g. Is g a composite number?
True
Let o be (2 + -3)*(-4)/2. Let c(i) = 2*i**3 - 2*i**2 - 2*i + 1. Let l be c(o). Is (-2 + l)/6*78 a prime number?
False
Suppose 0*d - 3*d + 6 = 0. Suppose -p + 3*a + 147 = 0, -3*p - d*p + 4*a = -779. Is p prime?
False
Suppose 0 = s - b - 74, 0 = -2*s + b + 191 - 38. Let h = s - 26. Is h a composite number?
False
Suppose -2*n + 6 = -4*f, 0 = 3*n - n + 3*f - 6. Suppose n*g - 124 = -g. Is g composite?
False
Let k(q) = q**3 + 8*q**2 - 9*q. Let m be k(-9). Suppose -5*j - 15 = m, 4*j - 7 - 6 = -l. Is l composite?
True
Suppose -k = -3*k + 8. Suppose -l - 66 = -3*l - 5*x, -k = -x. Is l prime?
True
Let n be 1/6 - (-85)/30. Suppose -n*y - 4*d + 129 = -72, 0 = -4*d. Is y composite?
False
Suppose -7*a = -390 - 1556. Is a a composite number?
True
Is ((-6)/2 + 890)/1 a composite number?
False
Is 897/6 - 1/2 a composite number?
False
Let b(q) = q**2 + 10*q + 13. Let h be b(-9). Suppose 4*d + 4 = -h*u, 3*d - 3 = -4*u - 4. Suppose 0 = 3*g - u*l - 91, 3*l = l + 8. Is g a composite number?
True
Suppose -4*s - 336 = -17140. Is s composite?
False
Suppose 2*t - 3*w = 3, 0 = 4*t - 2*w - 3*w - 7. Suppose 4*u + 38 = m, -t*u - 33 = -m + 2*u. Is m a prime number?
False
Let y = 2 - 4. Let b be 2 + 163 - y/(-1). Suppose -3*x = -2*x - 1, -3*r + b = -2*x. Is r a composite number?
True
Suppose 2*g + 4*p + 9 = -g, 0 = g - 2*p - 7. Let c be g + 3/3 - -68. Suppose c = 3*o - o. Is o a prime number?
False
Suppose 0 = -3*d + 4*d. Suppose 2*i - 6*i + 169 = 3*n, d = i + 2. Is n a composite number?
False
Suppose q = -2*q + 381. Is q composite?
False
Suppose 0 = -q - 16. Let z be q/6*(-118 + 1). Suppose 5*v - f = z, 0 = 2*v - 4*f - 0*f - 132. Is v a composite number?
True
Let h be ((-2)/4*0)/(-2). Let j = 4 - h. Suppose -2*v + 25 - 76 = -3*n, n + j*v = 3. Is n a composite number?
True
Let q be (-34)/(-6) - 6/9. Suppose -3*g + 2*i + 101 = -0*i, -q*i = 5*g - 185. Is g prime?
False
Suppose 2*k + 203 - 39 = 0. Let b = 125 + k. Is b composite?
False
Suppose 5*d + x - 2828 = -2*x, -x = -4*d + 2259. Is d a prime number?
False
Let i(o) = -o**2 - 8*o + 12. Let z be i(9). Let c = z - -586. Suppose 0 = -0*s - 5*s + c. Is s a composite number?
False
Suppose -3*k - 75 = -8*k. Is (-10)/k + (-406)/(-6) prime?
True
Let q(n) = -2*n + 4. Let y be q(3). Let u(v) = 3*v**3 - v**2 + 2*v. Let x be u(y). Let i = 3 - x. Is i a prime number?
False
Let a(i) = i**2 - 12*i + 30. Is a(17) composite?
True
Let i(g) = 219*g**2 + g + 1. Let r be i(-1). Let f = r - -40. Is f composite?
True
Let q(c) = -3*c - 2. Let t(h) = h**2 - 5*h - 1. Let d be t(3). Is q(d) composite?
False
Let h(w) = w**3 - 6*w**2 + 4*w - 2. Let g be h(4). Let a be -11 - ((-3 - 5) + 4). Let l = a - g. Is l composite?
False
Let s(r) = -r**3 + 3*r**2 - 9*r + 5. Let m be s(7). Is (m/(-8))/((-1)/(-4)) a composite number?
False
Suppose -b = 5*c - 87, -3*b + 389 = 2*b + 2*c. Suppose g - 264 = -b. Is g a prime number?
False
Suppose -5 = 5*g, 4*x - 19 = -0*g - g. Suppose x*h - 10 = 10. Is h/(-22) - (-2943)/33 composite?
False
Suppose 3*o - 5*o = 4. Is 51 - 8*1/o a composite number?
True
Suppose 0 = -w - 3*z - 4 + 35, -2*z = -4*w + 166. Suppose -5*l + 10*l + w = 4*v, -2*l + 10 = v. Is v a composite number?
True
Let w(b) = b**3 - 2*b**2 - 3*b + 7. Let p be w(5). Let s be (-1 - (-17 + -3)) 